alculate the highest common divisor of p and 187.
17
Let o be (-8)/(-10)*(-125)/(-10). Let q = o - -2. Suppose -5*k + 278 = 3*v, 2*v - k + 478 = 7*v. What is the greatest common divisor of v and q?
12
Let m = 3 - 0. Suppose 9 = m*k - 0*k. Suppose -6*o + k*o = -w - 220, 124 = 2*o + 5*w. What is the highest common factor of o and 8?
8
Let b be 8/6*333/6. Let l(p) = -6*p - 44. Let q be l(-8). Suppose b = q*x - 3*s, 5*x - 46 = -3*s + 60. What is the highest common divisor of x and 20?
20
Let x be (-30)/6*(-3)/5. Suppose x = 5*s - 67. What is the greatest common divisor of 2 and s?
2
Let m be 2 + 1 + 0/(-1). Suppose 0 = -x + 5*j + 65, -m*x + 0*x - 3*j = -123. Suppose -12*q = -48 - 60. What is the highest common divisor of x and q?
9
Suppose -49*z + 58*z = 2475. What is the highest common factor of 22 and z?
11
Suppose 6*k + 4*a - 43 = k, 2*k = -5*a + 7. What is the highest common factor of 363 and k?
11
Let b be 4 + 0 + 3 + -1. Suppose -4*m + 20 = -0*m. Let c = b + m. What is the greatest common factor of 121 and c?
11
Let p(c) = 2*c**2 + 17*c + 20. Let a be p(-8). What is the highest common factor of a and 32?
4
Let m = 9 - -24. Let p = 2 - -6. Let w be ((-6)/p)/((-5)/20). What is the highest common factor of w and m?
3
Suppose 2 = -4*o + 18. Suppose -4*p + 412 = 5*c, 2*p - 2 - o = 0. What is the highest common divisor of 10 and c?
10
Suppose 0 = -4*h + 16, 0 = 2*w - 2*h - 58. Calculate the greatest common divisor of w and 528.
33
Let k = 36 - 32. Let i(p) = p + 1. Let y be i(-11). Let a = -6 - y. Calculate the highest common factor of k and a.
4
Let h be 228/(-1 - (-7)/4). What is the greatest common factor of 40 and h?
8
Suppose 0*d + d - 2 = 0, -4*d = -5*a + 7. Let q be (-3)/((-3)/36*a). Let x be (3/q)/(1/16). What is the highest common factor of x and 36?
4
Suppose -11*d + 27 = -83. Let b(k) = k**2 + 11*k + 11. Let f be b(-10). Let w be (3/f)/(-3)*-5. Calculate the greatest common factor of d and w.
5
Let f be 15/(6 + -3) - 2. Suppose -5*t - 13 - 32 = f*l, 4*t - l = -19. Let j be t/(-3) - -14 - 0. Calculate the greatest common factor of j and 144.
16
Let r(y) = 14*y**3 + y. Let f be r(1). Let w be ((-12)/(-18))/(19/1710). What is the greatest common factor of w and f?
15
Suppose 915 = 10*m - 45. Suppose -2*i = -5*p + 66, i + 2*i = 2*p - 33. Calculate the greatest common factor of p and m.
12
Let w = -1 - 1. Let s be (w/1)/2 - -26. Calculate the highest common factor of s and 175.
25
Let g be (-6)/(-8) - (-436)/16. Let i = -68 + g. Let w be 4/20*0 - i. What is the greatest common factor of 10 and w?
10
Let q be 148/14 - (-81)/189. What is the highest common divisor of q and 1848?
11
Suppose -36 = -4*c + c. Let f be 10/(-25) - 27/(-5). Suppose -f*g + 432 = -g. Calculate the highest common divisor of g and c.
12
Let n = -15596 + 15616. Suppose -3*t - y = -327, -5*t - 2*y + 40 + 504 = 0. What is the highest common factor of t and n?
10
Suppose -4*c = -4366 + 398. Calculate the highest common divisor of 31 and c.
31
Suppose -5*q - 2*t + 3 = 2*t, -q + 6 = -t. What is the highest common factor of q and 189?
3
Let i be ((-102)/(-9)*8)/(21/126). Calculate the greatest common divisor of 128 and i.
32
Let n(z) = -z**2 - 63*z - 803. Let i be n(-45). Let d = 156 + -86. What is the highest common factor of d and i?
7
Let o = -5141 - -7751. What is the highest common divisor of o and 29?
29
Let v be (9/1)/(5/15). Let n be (-2)/(-3)*162/4. What is the highest common divisor of n and v?
27
Suppose 0 = 5*b - b - 2*b. Suppose 4*r - x - 40 = -0*x, r - 4*x + 5 = b. Calculate the greatest common factor of r and 22.
11
Suppose -a - 240 = -3*a. Let q be 5*9*(258/(-18) - -15). Calculate the greatest common factor of q and a.
30
Let k be ((-28)/(-8) + -2)/((-6)/(-16)). Let z(n) = 6*n - 15. Let d be z(k). Calculate the greatest common factor of d and 36.
9
Let q be (-6)/(-15) - (-916)/10. Let y = -21 + 24. Suppose -v - 3*j = -8, -y = v - j - 31. Calculate the greatest common factor of v and q.
23
Let m = -18 + 44. Let n be (29 + m)/(2/6). What is the greatest common factor of 66 and n?
33
Suppose 12 = -3*a, 5*m - 11 - 73 = a. Let u be 7/((-84)/18)*m/(-6). Calculate the highest common divisor of 12 and u.
4
Let a = 320 - 188. Calculate the highest common divisor of 726 and a.
66
Suppose 1 - 4 = -3*l. Let j(b) = 8*b. Let x be j(l). Let z be 16/12*(-2 + x). What is the greatest common factor of z and 16?
8
Let k be (-3674)/(-17) + 5/(595/(-14)). Calculate the greatest common divisor of 27 and k.
27
Let y be 298/42 - (-78)/(-819). Calculate the highest common divisor of y and 14.
7
Suppose 0 = -27*i + 18*i + 1746. Let j = -114 + i. Calculate the highest common divisor of j and 40.
40
Let j(o) = -2*o + 2. Let a be j(-6). Suppose 3*k - 37 = a. What is the greatest common divisor of k and 136?
17
Let r(s) = -11*s**2 - s + 6. Let y(h) = 10*h**2 + h - 5. Let j(l) = 6*r(l) + 7*y(l). Let o be j(-3). Calculate the highest common factor of o and 17.
17
Suppose 0 = -3*k + 10 - 7. Calculate the highest common factor of 16 and k.
1
Suppose 3*s = 11*z - 15*z + 2159, 0 = -5*s - 4*z + 3609. What is the highest common factor of 5 and s?
5
Suppose -3*r + 10 = 2*r. Let u be 0 - (r - 2) - 40. Let v be (396/10)/((-8)/u). What is the greatest common divisor of v and 22?
22
Suppose 11*t - 40 = 7*t. Let f = 19 - t. Suppose -19 - f = -4*n. What is the greatest common factor of n and 63?
7
Suppose 5*c - 173 = -c + 19. Let y be 1 + (24 - -1) - 1. Let t = y - 17. Calculate the greatest common divisor of t and c.
8
Suppose 4*d + 8942 = 1678. Let h be 32/112 + d/(-14). Suppose 5*t = -3*j + 176, 41 - 309 = -5*j - 2*t. Calculate the highest common factor of j and h.
26
Suppose -7*g = -44 - 82. Suppose 18 = -f + 3*f. What is the greatest common divisor of f and g?
9
Let w(r) = 2*r**3 + 89*r**2 - 245*r + 13. Let c be w(-47). What is the highest common factor of c and 276?
69
Let o = -77 + 98. Let y be (-6)/5*(-350)/(-21). Let d = o + y. Calculate the highest common factor of d and 2.
1
Let s(n) be the first derivative of -n**4/4 - n**3/3 + 3*n**2/2 - 4*n - 1. Let m be s(-3). What is the greatest common divisor of m and 45?
5
Suppose -64 = 30*p - 34*p. What is the greatest common divisor of 24 and p?
8
Let o be -6*(-12)/((-48)/(-10)). Let w = 46 + 14. Calculate the highest common factor of w and o.
15
Suppose -2*c - 2*h + 282 = -4*h, -2*h + 1168 = 8*c. Calculate the greatest common factor of c and 35.
5
Let z(b) = b**3 + 9*b**2 + 6*b + 26. Let i be z(-8). Calculate the greatest common divisor of i and 3.
3
Let w be 3 - (-150)/(-45) - (-352)/3. Let o be 2*26/8*2. Calculate the greatest common divisor of w and o.
13
Let q = -1906 + 3424. What is the greatest common divisor of 66 and q?
66
Let s be 44 + (4 - 11/(66/24)). Calculate the highest common divisor of s and 132.
44
Let s(t) = 10*t - 4 - 7*t - 10*t. Let v be s(-6). What is the greatest common factor of v and 19?
19
Let a(y) be the third derivative of 7*y**5/60 + y**4/6 - y**3/2 - 27*y**2. Let h be a(5). What is the greatest common divisor of 16 and h?
16
Let t = -38 + 57. Calculate the highest common factor of t and 95.
19
Let j(i) = 4*i**2 - 4*i - 3. Let o be j(-1). What is the greatest common factor of o and 45?
5
Let j = -136 + -38. Let z = j - -246. Suppose 4*c = 14*u - 12*u - 44, 2*u - 43 = 5*c. Calculate the highest common divisor of u and z.
24
Let o(q) = 107*q - 710. Let y be o(20). Calculate the highest common divisor of y and 130.
130
Let d(c) = 2*c**3 - 4*c**2 + 4*c + 4. Let u be d(2). What is the greatest common factor of 240 and u?
12
Suppose -43*g + 1994 = -2822. Calculate the greatest common divisor of g and 196.
28
Let w = -22 - -152. Let z = w - 125. What is the greatest common factor of z and 1?
1
Let d = -733 - -781. Calculate the greatest common factor of 120 and d.
24
Suppose 0 = 5*u - 5, 4*u + u = 3*s + 2. Let t be (-34)/(0 - (3 - s)). Calculate the highest common factor of 51 and t.
17
Let l = 32 + -17. Suppose 2*y + 4*t = 214, 0 = 4*y - 0*y + t - 421. What is the greatest common factor of y and l?
15
Suppose 10 = -f + 38. Let z be (1 - (-1 + 0)) + -5. Let b = z + 17. Calculate the highest common divisor of f and b.
14
Suppose -2*g + 8*g = 1416. Let q = g - 161. Calculate the highest common factor of q and 15.
15
Suppose 4*p